{"id":9503,"date":"2023-03-06T11:12:03","date_gmt":"2023-03-06T10:12:03","guid":{"rendered":"https:\/\/www.cilfa.fr\/?page_id=9503"},"modified":"2023-03-06T11:12:03","modified_gmt":"2023-03-06T10:12:03","slug":"preparacion-para-el-delf","status":"publish","type":"page","link":"https:\/\/www.cilfa.fr\/es\/preparacion-para-el-delf\/","title":{"rendered":"PREPARACI\u00d3N PARA EL DELF"},"content":{"rendered":"<h2><strong>\u00a1Prep\u00e1rese para los ex\u00e1menes DELF con CILFA!<\/strong><\/h2>\n<p>\u00a1Ponga todas las posibilidades de su lado con los cursos de preparaci\u00f3n al DELF de CILFA! <img loading=\"lazy\" decoding=\"async\" class=\"alignright size-medium wp-image-1115\" src=\"https:\/\/www.cilfa.fr\/wp-content\/uploads\/2017\/05\/Screen-Shot-2017-05-22-at-11.09.45-2-300x169.png\" alt=\"Cours de pr\u00e9paration au DELF\" width=\"300\" height=\"169\" srcset=\"https:\/\/www.cilfa.fr\/wp-content\/uploads\/2017\/05\/Screen-Shot-2017-05-22-at-11.09.45-2-300x169.png 300w, https:\/\/www.cilfa.fr\/wp-content\/uploads\/2017\/05\/Screen-Shot-2017-05-22-at-11.09.45-2-768x432.png 768w, https:\/\/www.cilfa.fr\/wp-content\/uploads\/2017\/05\/Screen-Shot-2017-05-22-at-11.09.45-2-1024x576.png 1024w, https:\/\/www.cilfa.fr\/wp-content\/uploads\/2017\/05\/Screen-Shot-2017-05-22-at-11.09.45-2.png 1280w\" sizes=\"auto, (max-width: 300px) 100vw, 300px\" \/><\/p>\n<p>Centro de examen DELF DALF desde 1999, el Centre International de Langue Fran\u00e7aise d&#8217;Annecy le ofrece su experiencia en la preparaci\u00f3n de los ex\u00e1menes DELF para los niveles A1, A2, B1 y B2 proponi\u00e9ndole, de octubre a junio, cursos en peque\u00f1os grupos, m\u00e1ximo de 12 personas, todos los martes y jueves de 18:15 a 19:45.<\/p>\n<p><img loading=\"lazy\" decoding=\"async\" class=\"wp-image-3846 size-medium alignleft\" src=\"https:\/\/www.cilfa.fr\/wp-content\/uploads\/2018\/02\/cilfa_IMG_0648-copy-300x200.jpg\" alt=\"Cours DELF au CILFA\" width=\"300\" height=\"200\" srcset=\"https:\/\/www.cilfa.fr\/wp-content\/uploads\/2018\/02\/cilfa_IMG_0648-copy-300x200.jpg 300w, https:\/\/www.cilfa.fr\/wp-content\/uploads\/2018\/02\/cilfa_IMG_0648-copy-768x512.jpg 768w, https:\/\/www.cilfa.fr\/wp-content\/uploads\/2018\/02\/cilfa_IMG_0648-copy-1024x683.jpg 1024w, https:\/\/www.cilfa.fr\/wp-content\/uploads\/2018\/02\/cilfa_IMG_0648-copy.jpg 1200w\" sizes=\"auto, (max-width: 300px) 100vw, 300px\" \/><\/p>\n<p>Durante las 3 horas semanales tendr\u00e1s la oportunidad de conocer la metodolog\u00eda de los ex\u00e1menes DELF y beneficiarte de los consejos y la pr\u00e1ctica de profesores que a su vez son examinadores DELF certificados.<\/p>\n<h3><\/h3>\n<p style=\"text-align: left;\"><a class=\"cilfabutton\" href=\"https:\/\/www.cilfa.fr\/es\/examenes\/\" title=\"Fechas y tarifas\">Fechas y tarifas<\/a><\/p>\n<p>\u00a1Nos vemos pronto en el CILFA!<\/p>\n","protected":false},"excerpt":{"rendered":"<p>\u00a1Prep\u00e1rese para los ex\u00e1menes DELF con CILFA! \u00a1Ponga todas las posibilidades de su lado con los cursos de preparaci\u00f3n al DELF de CILFA! Centro de examen DELF DALF desde 1999, el Centre International de Langue Fran\u00e7aise d&#8217;Annecy le ofrece su experiencia en la preparaci\u00f3n de los ex\u00e1menes DELF para los niveles A1, A2, B1 y [&hellip;]<\/p>\n","protected":false},"author":11,"featured_media":269,"parent":0,"menu_order":0,"comment_status":"closed","ping_status":"closed","template":"","meta":{"footnotes":""},"class_list":["post-9503","page","type-page","status-publish","has-post-thumbnail","hentry"],"yoast_head":"<!-- This site is optimized with the Yoast SEO plugin v27.5 - https:\/\/yoast.com\/product\/yoast-seo-wordpress\/ -->\n<title>PREPARACI\u00d3N PARA EL DELF - Cilfa<\/title>\n<meta name=\"description\" content=\"\u00a1Prep\u00e1rese para los ex\u00e1menes DELF con CILFA! \u00a1Ponga todas las posibilidades de su lado con los cursos de preparaci\u00f3n al DELF de CILFA! Centro de examen\" \/>\n<meta name=\"robots\" content=\"index, follow, max-snippet:-1, max-image-preview:large, max-video-preview:-1\" \/>\n<link rel=\"canonical\" href=\"https:\/\/www.cilfa.fr\/es\/preparacion-para-el-delf\/\" \/>\n<meta property=\"og:locale\" content=\"es_ES\" \/>\n<meta property=\"og:type\" content=\"article\" \/>\n<meta property=\"og:title\" content=\"PREPARACI\u00d3N PARA EL DELF - Cilfa\" \/>\n<meta property=\"og:description\" content=\"\u00a1Prep\u00e1rese para los ex\u00e1menes DELF con CILFA! \u00a1Ponga todas las posibilidades de su lado con los cursos de preparaci\u00f3n al DELF de CILFA! Centro de examen\" \/>\n<meta property=\"og:url\" content=\"https:\/\/www.cilfa.fr\/es\/preparacion-para-el-delf\/\" \/>\n<meta property=\"og:site_name\" content=\"Cilfa\" \/>\n<meta property=\"og:image\" content=\"https:\/\/www.cilfa.fr\/wp-content\/uploads\/2017\/05\/examens.jpg\" \/>\n\t<meta property=\"og:image:width\" content=\"962\" \/>\n\t<meta property=\"og:image:height\" content=\"300\" \/>\n\t<meta property=\"og:image:type\" content=\"image\/jpeg\" \/>\n<meta name=\"twitter:card\" content=\"summary_large_image\" \/>\n<script type=\"application\/ld+json\" class=\"yoast-schema-graph\">{\"@context\":\"https:\\\/\\\/schema.org\",\"@graph\":[{\"@type\":\"WebPage\",\"@id\":\"https:\\\/\\\/www.cilfa.fr\\\/es\\\/preparacion-para-el-delf\\\/\",\"url\":\"https:\\\/\\\/www.cilfa.fr\\\/es\\\/preparacion-para-el-delf\\\/\",\"name\":\"PREPARACI\u00d3N PARA EL DELF - Cilfa\",\"isPartOf\":{\"@id\":\"https:\\\/\\\/www.cilfa.fr\\\/es\\\/#website\"},\"primaryImageOfPage\":{\"@id\":\"https:\\\/\\\/www.cilfa.fr\\\/es\\\/preparacion-para-el-delf\\\/#primaryimage\"},\"image\":{\"@id\":\"https:\\\/\\\/www.cilfa.fr\\\/es\\\/preparacion-para-el-delf\\\/#primaryimage\"},\"thumbnailUrl\":\"https:\\\/\\\/www.cilfa.fr\\\/wp-content\\\/uploads\\\/2017\\\/05\\\/examens.jpg\",\"datePublished\":\"2023-03-06T10:12:03+00:00\",\"description\":\"\u00a1Prep\u00e1rese para los ex\u00e1menes DELF con CILFA! \u00a1Ponga todas las posibilidades de su lado con los cursos de preparaci\u00f3n al DELF de CILFA! Centro de examen\",\"breadcrumb\":{\"@id\":\"https:\\\/\\\/www.cilfa.fr\\\/es\\\/preparacion-para-el-delf\\\/#breadcrumb\"},\"inLanguage\":\"es\",\"potentialAction\":[{\"@type\":\"ReadAction\",\"target\":[\"https:\\\/\\\/www.cilfa.fr\\\/es\\\/preparacion-para-el-delf\\\/\"]}]},{\"@type\":\"ImageObject\",\"inLanguage\":\"es\",\"@id\":\"https:\\\/\\\/www.cilfa.fr\\\/es\\\/preparacion-para-el-delf\\\/#primaryimage\",\"url\":\"https:\\\/\\\/www.cilfa.fr\\\/wp-content\\\/uploads\\\/2017\\\/05\\\/examens.jpg\",\"contentUrl\":\"https:\\\/\\\/www.cilfa.fr\\\/wp-content\\\/uploads\\\/2017\\\/05\\\/examens.jpg\",\"width\":962,\"height\":300},{\"@type\":\"BreadcrumbList\",\"@id\":\"https:\\\/\\\/www.cilfa.fr\\\/es\\\/preparacion-para-el-delf\\\/#breadcrumb\",\"itemListElement\":[{\"@type\":\"ListItem\",\"position\":1,\"name\":\"Accueil\",\"item\":\"https:\\\/\\\/www.cilfa.fr\\\/es\\\/\"},{\"@type\":\"ListItem\",\"position\":2,\"name\":\"PREPARACI\u00d3N PARA EL DELF\"}]},{\"@type\":\"WebSite\",\"@id\":\"https:\\\/\\\/www.cilfa.fr\\\/es\\\/#website\",\"url\":\"https:\\\/\\\/www.cilfa.fr\\\/es\\\/\",\"name\":\"Cilfa\",\"description\":\"Apprendre le fran\u00e7ais \u00e0 Annecy dans les Alpes\",\"publisher\":{\"@id\":\"https:\\\/\\\/www.cilfa.fr\\\/es\\\/#organization\"},\"potentialAction\":[{\"@type\":\"SearchAction\",\"target\":{\"@type\":\"EntryPoint\",\"urlTemplate\":\"https:\\\/\\\/www.cilfa.fr\\\/es\\\/?s={search_term_string}\"},\"query-input\":{\"@type\":\"PropertyValueSpecification\",\"valueRequired\":true,\"valueName\":\"search_term_string\"}}],\"inLanguage\":\"es\"},{\"@type\":\"Organization\",\"@id\":\"https:\\\/\\\/www.cilfa.fr\\\/es\\\/#organization\",\"name\":\"Cilfa\",\"url\":\"https:\\\/\\\/www.cilfa.fr\\\/es\\\/\",\"logo\":{\"@type\":\"ImageObject\",\"inLanguage\":\"es\",\"@id\":\"https:\\\/\\\/www.cilfa.fr\\\/es\\\/#\\\/schema\\\/logo\\\/image\\\/\",\"url\":\"https:\\\/\\\/www.cilfa.fr\\\/wp-content\\\/uploads\\\/2017\\\/04\\\/cropped-logo.png\",\"contentUrl\":\"https:\\\/\\\/www.cilfa.fr\\\/wp-content\\\/uploads\\\/2017\\\/04\\\/cropped-logo.png\",\"width\":306,\"height\":200,\"caption\":\"Cilfa\"},\"image\":{\"@id\":\"https:\\\/\\\/www.cilfa.fr\\\/es\\\/#\\\/schema\\\/logo\\\/image\\\/\"}}]}<\/script>\n<!-- \/ Yoast SEO plugin. -->","yoast_head_json":{"title":"PREPARACI\u00d3N PARA EL DELF - Cilfa","description":"\u00a1Prep\u00e1rese para los ex\u00e1menes DELF con CILFA! \u00a1Ponga todas las posibilidades de su lado con los cursos de preparaci\u00f3n al DELF de CILFA! Centro de examen","robots":{"index":"index","follow":"follow","max-snippet":"max-snippet:-1","max-image-preview":"max-image-preview:large","max-video-preview":"max-video-preview:-1"},"canonical":"https:\/\/www.cilfa.fr\/es\/preparacion-para-el-delf\/","og_locale":"es_ES","og_type":"article","og_title":"PREPARACI\u00d3N PARA EL DELF - Cilfa","og_description":"\u00a1Prep\u00e1rese para los ex\u00e1menes DELF con CILFA! \u00a1Ponga todas las posibilidades de su lado con los cursos de preparaci\u00f3n al DELF de CILFA! Centro de examen","og_url":"https:\/\/www.cilfa.fr\/es\/preparacion-para-el-delf\/","og_site_name":"Cilfa","og_image":[{"width":962,"height":300,"url":"https:\/\/www.cilfa.fr\/wp-content\/uploads\/2017\/05\/examens.jpg","type":"image\/jpeg"}],"twitter_card":"summary_large_image","schema":{"@context":"https:\/\/schema.org","@graph":[{"@type":"WebPage","@id":"https:\/\/www.cilfa.fr\/es\/preparacion-para-el-delf\/","url":"https:\/\/www.cilfa.fr\/es\/preparacion-para-el-delf\/","name":"PREPARACI\u00d3N PARA EL DELF - Cilfa","isPartOf":{"@id":"https:\/\/www.cilfa.fr\/es\/#website"},"primaryImageOfPage":{"@id":"https:\/\/www.cilfa.fr\/es\/preparacion-para-el-delf\/#primaryimage"},"image":{"@id":"https:\/\/www.cilfa.fr\/es\/preparacion-para-el-delf\/#primaryimage"},"thumbnailUrl":"https:\/\/www.cilfa.fr\/wp-content\/uploads\/2017\/05\/examens.jpg","datePublished":"2023-03-06T10:12:03+00:00","description":"\u00a1Prep\u00e1rese para los ex\u00e1menes DELF con CILFA! \u00a1Ponga todas las posibilidades de su lado con los cursos de preparaci\u00f3n al DELF de CILFA! Centro de examen","breadcrumb":{"@id":"https:\/\/www.cilfa.fr\/es\/preparacion-para-el-delf\/#breadcrumb"},"inLanguage":"es","potentialAction":[{"@type":"ReadAction","target":["https:\/\/www.cilfa.fr\/es\/preparacion-para-el-delf\/"]}]},{"@type":"ImageObject","inLanguage":"es","@id":"https:\/\/www.cilfa.fr\/es\/preparacion-para-el-delf\/#primaryimage","url":"https:\/\/www.cilfa.fr\/wp-content\/uploads\/2017\/05\/examens.jpg","contentUrl":"https:\/\/www.cilfa.fr\/wp-content\/uploads\/2017\/05\/examens.jpg","width":962,"height":300},{"@type":"BreadcrumbList","@id":"https:\/\/www.cilfa.fr\/es\/preparacion-para-el-delf\/#breadcrumb","itemListElement":[{"@type":"ListItem","position":1,"name":"Accueil","item":"https:\/\/www.cilfa.fr\/es\/"},{"@type":"ListItem","position":2,"name":"PREPARACI\u00d3N PARA EL DELF"}]},{"@type":"WebSite","@id":"https:\/\/www.cilfa.fr\/es\/#website","url":"https:\/\/www.cilfa.fr\/es\/","name":"Cilfa","description":"Apprendre le fran\u00e7ais \u00e0 Annecy dans les Alpes","publisher":{"@id":"https:\/\/www.cilfa.fr\/es\/#organization"},"potentialAction":[{"@type":"SearchAction","target":{"@type":"EntryPoint","urlTemplate":"https:\/\/www.cilfa.fr\/es\/?s={search_term_string}"},"query-input":{"@type":"PropertyValueSpecification","valueRequired":true,"valueName":"search_term_string"}}],"inLanguage":"es"},{"@type":"Organization","@id":"https:\/\/www.cilfa.fr\/es\/#organization","name":"Cilfa","url":"https:\/\/www.cilfa.fr\/es\/","logo":{"@type":"ImageObject","inLanguage":"es","@id":"https:\/\/www.cilfa.fr\/es\/#\/schema\/logo\/image\/","url":"https:\/\/www.cilfa.fr\/wp-content\/uploads\/2017\/04\/cropped-logo.png","contentUrl":"https:\/\/www.cilfa.fr\/wp-content\/uploads\/2017\/04\/cropped-logo.png","width":306,"height":200,"caption":"Cilfa"},"image":{"@id":"https:\/\/www.cilfa.fr\/es\/#\/schema\/logo\/image\/"}}]}},"_links":{"self":[{"href":"https:\/\/www.cilfa.fr\/es\/wp-json\/wp\/v2\/pages\/9503","targetHints":{"allow":["GET"]}}],"collection":[{"href":"https:\/\/www.cilfa.fr\/es\/wp-json\/wp\/v2\/pages"}],"about":[{"href":"https:\/\/www.cilfa.fr\/es\/wp-json\/wp\/v2\/types\/page"}],"author":[{"embeddable":true,"href":"https:\/\/www.cilfa.fr\/es\/wp-json\/wp\/v2\/users\/11"}],"replies":[{"embeddable":true,"href":"https:\/\/www.cilfa.fr\/es\/wp-json\/wp\/v2\/comments?post=9503"}],"version-history":[{"count":1,"href":"https:\/\/www.cilfa.fr\/es\/wp-json\/wp\/v2\/pages\/9503\/revisions"}],"predecessor-version":[{"id":9504,"href":"https:\/\/www.cilfa.fr\/es\/wp-json\/wp\/v2\/pages\/9503\/revisions\/9504"}],"wp:featuredmedia":[{"embeddable":true,"href":"https:\/\/www.cilfa.fr\/es\/wp-json\/wp\/v2\/media\/269"}],"wp:attachment":[{"href":"https:\/\/www.cilfa.fr\/es\/wp-json\/wp\/v2\/media?parent=9503"}],"curies":[{"name":"wp","href":"https:\/\/api.w.org\/{rel}","templated":true}]}}

PREPARACIÓN PARA EL DELF

<h2><strong>¡Prepárese para los exámenes DELF con CILFA!</strong></h2>
<p>¡Ponga todas las posibilidades de su lado con los cursos de preparación al DELF de CILFA! <img loading="lazy" decoding="async" class="alignright size-medium wp-image-1115" src="https://www.cilfa.fr/wp-content/uploads/2017/05/Screen-Shot-2017-05-22-at-11.09.45-2-300x169.png" alt="Cours de préparation au DELF" width="300" height="169" srcset="https://www.cilfa.fr/wp-content/uploads/2017/05/Screen-Shot-2017-05-22-at-11.09.45-2-300x169.png 300w, https://www.cilfa.fr/wp-content/uploads/2017/05/Screen-Shot-2017-05-22-at-11.09.45-2-768x432.png 768w, https://www.cilfa.fr/wp-content/uploads/2017/05/Screen-Shot-2017-05-22-at-11.09.45-2-1024x576.png 1024w, https://www.cilfa.fr/wp-content/uploads/2017/05/Screen-Shot-2017-05-22-at-11.09.45-2.png 1280w" sizes="auto, (max-width: 300px) 100vw, 300px" /></p>
<p>Centro de examen DELF DALF desde 1999, el Centre International de Langue Française d&#8217;Annecy le ofrece su experiencia en la preparación de los exámenes DELF para los niveles A1, A2, B1 y B2 proponiéndole, de octubre a junio, cursos en pequeños grupos, máximo de 12 personas, todos los martes y jueves de 18:15 a 19:45.</p>
<p><img loading="lazy" decoding="async" class="wp-image-3846 size-medium alignleft" src="https://www.cilfa.fr/wp-content/uploads/2018/02/cilfa_IMG_0648-copy-300x200.jpg" alt="Cours DELF au CILFA" width="300" height="200" srcset="https://www.cilfa.fr/wp-content/uploads/2018/02/cilfa_IMG_0648-copy-300x200.jpg 300w, https://www.cilfa.fr/wp-content/uploads/2018/02/cilfa_IMG_0648-copy-768x512.jpg 768w, https://www.cilfa.fr/wp-content/uploads/2018/02/cilfa_IMG_0648-copy-1024x683.jpg 1024w, https://www.cilfa.fr/wp-content/uploads/2018/02/cilfa_IMG_0648-copy.jpg 1200w" sizes="auto, (max-width: 300px) 100vw, 300px" /></p>
<p>Durante las 3 horas semanales tendrás la oportunidad de conocer la metodología de los exámenes DELF y beneficiarte de los consejos y la práctica de profesores que a su vez son examinadores DELF certificados.</p>
<h3></h3>
<p style="text-align: left;"><a class="cilfabutton" href="https://www.cilfa.fr/es/examenes/" title="Fechas y tarifas">Fechas y tarifas</a></p>
<p>¡Nos vemos pronto en el CILFA!</p>

<p>¡Prepárese para los exámenes DELF con CILFA! ¡Ponga todas las posibilidades de su lado con los cursos de preparación al DELF de CILFA! Centro de examen DELF DALF desde 1999, el Centre International de Langue Française d&#8217;Annecy le ofrece su experiencia en la preparación de los exámenes DELF para los niveles A1, A2, B1 y [&hellip;]</p>

<!-- This site is optimized with the Yoast SEO plugin v27.5 - https://yoast.com/product/yoast-seo-wordpress/ -->
<title>PREPARACIÓN PARA EL DELF - Cilfa</title>
<meta name="description" content="¡Prepárese para los exámenes DELF con CILFA! ¡Ponga todas las posibilidades de su lado con los cursos de preparación al DELF de CILFA! Centro de examen" />
<meta name="robots" content="index, follow, max-snippet:-1, max-image-preview:large, max-video-preview:-1" />
<link rel="canonical" href="https://www.cilfa.fr/es/preparacion-para-el-delf/" />
<meta property="og:locale" content="es_ES" />
<meta property="og:type" content="article" />
<meta property="og:title" content="PREPARACIÓN PARA EL DELF - Cilfa" />
<meta property="og:description" content="¡Prepárese para los exámenes DELF con CILFA! ¡Ponga todas las posibilidades de su lado con los cursos de preparación al DELF de CILFA! Centro de examen" />
<meta property="og:url" content="https://www.cilfa.fr/es/preparacion-para-el-delf/" />
<meta property="og:site_name" content="Cilfa" />
<meta property="og:image" content="https://www.cilfa.fr/wp-content/uploads/2017/05/examens.jpg" />
	<meta property="og:image:width" content="962" />
	<meta property="og:image:height" content="300" />
	<meta property="og:image:type" content="image/jpeg" />
<meta name="twitter:card" content="summary_large_image" />
<script type="application/ld+json" class="yoast-schema-graph">{"@context":"https:\/\/schema.org","@graph":[{"@type":"WebPage","@id":"https:\/\/www.cilfa.fr\/es\/preparacion-para-el-delf\/","url":"https:\/\/www.cilfa.fr\/es\/preparacion-para-el-delf\/","name":"PREPARACIÓN PARA EL DELF - Cilfa","isPartOf":{"@id":"https:\/\/www.cilfa.fr\/es\/#website"},"primaryImageOfPage":{"@id":"https:\/\/www.cilfa.fr\/es\/preparacion-para-el-delf\/#primaryimage"},"image":{"@id":"https:\/\/www.cilfa.fr\/es\/preparacion-para-el-delf\/#primaryimage"},"thumbnailUrl":"https:\/\/www.cilfa.fr\/wp-content\/uploads\/2017\/05\/examens.jpg","datePublished":"2023-03-06T10:12:03+00:00","description":"¡Prepárese para los exámenes DELF con CILFA! ¡Ponga todas las posibilidades de su lado con los cursos de preparación al DELF de CILFA! Centro de examen","breadcrumb":{"@id":"https:\/\/www.cilfa.fr\/es\/preparacion-para-el-delf\/#breadcrumb"},"inLanguage":"es","potentialAction":[{"@type":"ReadAction","target":["https:\/\/www.cilfa.fr\/es\/preparacion-para-el-delf\/"]}]},{"@type":"ImageObject","inLanguage":"es","@id":"https:\/\/www.cilfa.fr\/es\/preparacion-para-el-delf\/#primaryimage","url":"https:\/\/www.cilfa.fr\/wp-content\/uploads\/2017\/05\/examens.jpg","contentUrl":"https:\/\/www.cilfa.fr\/wp-content\/uploads\/2017\/05\/examens.jpg","width":962,"height":300},{"@type":"BreadcrumbList","@id":"https:\/\/www.cilfa.fr\/es\/preparacion-para-el-delf\/#breadcrumb","itemListElement":[{"@type":"ListItem","position":1,"name":"Accueil","item":"https:\/\/www.cilfa.fr\/es\/"},{"@type":"ListItem","position":2,"name":"PREPARACIÓN PARA EL DELF"}]},{"@type":"WebSite","@id":"https:\/\/www.cilfa.fr\/es\/#website","url":"https:\/\/www.cilfa.fr\/es\/","name":"Cilfa","description":"Apprendre le français à Annecy dans les Alpes","publisher":{"@id":"https:\/\/www.cilfa.fr\/es\/#organization"},"potentialAction":[{"@type":"SearchAction","target":{"@type":"EntryPoint","urlTemplate":"https:\/\/www.cilfa.fr\/es\/?s={search_term_string}"},"query-input":{"@type":"PropertyValueSpecification","valueRequired":true,"valueName":"search_term_string"}}],"inLanguage":"es"},{"@type":"Organization","@id":"https:\/\/www.cilfa.fr\/es\/#organization","name":"Cilfa","url":"https:\/\/www.cilfa.fr\/es\/","logo":{"@type":"ImageObject","inLanguage":"es","@id":"https:\/\/www.cilfa.fr\/es\/#\/schema\/logo\/image\/","url":"https:\/\/www.cilfa.fr\/wp-content\/uploads\/2017\/04\/cropped-logo.png","contentUrl":"https:\/\/www.cilfa.fr\/wp-content\/uploads\/2017\/04\/cropped-logo.png","width":306,"height":200,"caption":"Cilfa"},"image":{"@id":"https:\/\/www.cilfa.fr\/es\/#\/schema\/logo\/image\/"}}]}</script>
<!-- / Yoast SEO plugin. -->

PREPARACIÓN PARA EL DELF - Cilfa

¡Prepárese para los exámenes DELF con CILFA! ¡Ponga todas las posibilidades de su lado con los cursos de preparación al DELF de CILFA! Centro de examen

Apprendre le français à Annecy dans les Alpes
