{"id":1345,"date":"2017-05-31T19:08:18","date_gmt":"2017-05-31T17:08:18","guid":{"rendered":"https:\/\/www.cilfa.fr\/?page_id=1345\/"},"modified":"2018-11-18T20:40:20","modified_gmt":"2018-11-18T19:40:20","slug":"el-equipo-de-cilfa","status":"publish","type":"page","link":"https:\/\/www.cilfa.fr\/es\/cilfa\/el-equipo-de-cilfa\/","title":{"rendered":"El equipo de CILFA"},"content":{"rendered":"<article>Profesores diplomados, especializados en la ense\u00f1anza del franc\u00e9s como lengua extranjera (fle). Su entusiasmo, su dinamismo y sus consejos le estimular\u00e1n en su aprendizaje de la lengua francesa y le ayudar\u00e1 a alcanzar sus objetivos.Un equipo administrativo est\u00e1 a su escucha, eficaz, multiling\u00fce y habituado a trabajar con extranjeros, siempre dispuestos a ayudarle con sus tr\u00e1mites en Francia.<\/p>\n<p>Visite nuestra p\u00e1gina para m\u00e1s informaci\u00f3n sobre cada uno de los miembros de nuestro equipo.<\/p>\n<\/article>\n<p><!--more--><\/p>\n<article>\n<div>\n<article>\u00a0<\/article>\n<article>\n<h1>El equipo de CILFA est\u00e1 compuesto por:<\/h1>\n<\/article>\n<\/div>\n<p>(Haz clic sobre las fotos para m\u00e1s informaci\u00f3n)<\/p>\n<\/article>\n","protected":false},"excerpt":{"rendered":"<p>Profesores diplomados, especializados en la ense\u00f1anza del franc\u00e9s como lengua extranjera (fle). Su entusiasmo, su dinamismo y sus consejos le estimular\u00e1n en su aprendizaje de la lengua francesa y le ayudar\u00e1 a alcanzar sus objetivos.Un equipo administrativo est\u00e1 a su escucha, eficaz, multiling\u00fce y habituado a trabajar con extranjeros, siempre dispuestos a ayudarle con sus [&hellip;]<\/p>\n","protected":false},"author":8,"featured_media":10878,"parent":1291,"menu_order":1,"comment_status":"closed","ping_status":"closed","template":"team.php","meta":{"footnotes":""},"class_list":["post-1345","page","type-page","status-publish","has-post-thumbnail","hentry"],"yoast_head":"<!-- This site is optimized with the Yoast SEO plugin v27.5 - https:\/\/yoast.com\/product\/yoast-seo-wordpress\/ -->\n<title>El equipo de CILFA - Cilfa<\/title>\n<meta name=\"description\" content=\"El equipo de CILFA est\u00e1 compuesto por un director, una secretaria, un responsable pedag\u00f3gico y profesores. Su objetivo es ense\u00f1ar el franc\u00e9s como lengua extranjera y preparar los estudiantes para los ex\u00e1menes DELF.\" \/>\n<meta name=\"robots\" content=\"index, follow, max-snippet:-1, max-image-preview:large, max-video-preview:-1\" \/>\n<link rel=\"canonical\" href=\"https:\/\/www.cilfa.fr\/es\/cilfa\/el-equipo-de-cilfa\/\" \/>\n<meta property=\"og:locale\" content=\"es_ES\" \/>\n<meta property=\"og:type\" content=\"article\" \/>\n<meta property=\"og:title\" content=\"El equipo de CILFA - Cilfa\" \/>\n<meta property=\"og:description\" content=\"El equipo de CILFA est\u00e1 compuesto por un director, una secretaria, un responsable pedag\u00f3gico y profesores. Su objetivo es ense\u00f1ar el franc\u00e9s como lengua extranjera y preparar los estudiantes para los ex\u00e1menes DELF.\" \/>\n<meta property=\"og:url\" content=\"https:\/\/www.cilfa.fr\/es\/cilfa\/el-equipo-de-cilfa\/\" \/>\n<meta property=\"og:site_name\" content=\"Cilfa\" \/>\n<meta property=\"article:modified_time\" content=\"2018-11-18T19:40:20+00:00\" \/>\n<meta property=\"og:image\" content=\"https:\/\/www.cilfa.fr\/wp-content\/uploads\/2017\/05\/equipe.jpg\" \/>\n\t<meta property=\"og:image:width\" content=\"700\" \/>\n\t<meta property=\"og:image:height\" content=\"200\" \/>\n\t<meta property=\"og:image:type\" content=\"image\/jpeg\" \/>\n<meta name=\"twitter:card\" content=\"summary_large_image\" \/>\n<script type=\"application\/ld+json\" class=\"yoast-schema-graph\">{\"@context\":\"https:\\\/\\\/schema.org\",\"@graph\":[{\"@type\":\"WebPage\",\"@id\":\"https:\\\/\\\/www.cilfa.fr\\\/es\\\/cilfa\\\/el-equipo-de-cilfa\\\/\",\"url\":\"https:\\\/\\\/www.cilfa.fr\\\/es\\\/cilfa\\\/el-equipo-de-cilfa\\\/\",\"name\":\"El equipo de CILFA - Cilfa\",\"isPartOf\":{\"@id\":\"https:\\\/\\\/www.cilfa.fr\\\/es\\\/#website\"},\"primaryImageOfPage\":{\"@id\":\"https:\\\/\\\/www.cilfa.fr\\\/es\\\/cilfa\\\/el-equipo-de-cilfa\\\/#primaryimage\"},\"image\":{\"@id\":\"https:\\\/\\\/www.cilfa.fr\\\/es\\\/cilfa\\\/el-equipo-de-cilfa\\\/#primaryimage\"},\"thumbnailUrl\":\"https:\\\/\\\/www.cilfa.fr\\\/wp-content\\\/uploads\\\/2024\\\/09\\\/CILFA_Virginie28_16-03-24-1-scaled-e1727281691771.jpg\",\"datePublished\":\"2017-05-31T17:08:18+00:00\",\"dateModified\":\"2018-11-18T19:40:20+00:00\",\"description\":\"El equipo de CILFA est\u00e1 compuesto por un director, una secretaria, un responsable pedag\u00f3gico y profesores. Su objetivo es ense\u00f1ar el franc\u00e9s como lengua extranjera y preparar los estudiantes para los ex\u00e1menes DELF.\",\"breadcrumb\":{\"@id\":\"https:\\\/\\\/www.cilfa.fr\\\/es\\\/cilfa\\\/el-equipo-de-cilfa\\\/#breadcrumb\"},\"inLanguage\":\"es\",\"potentialAction\":[{\"@type\":\"ReadAction\",\"target\":[\"https:\\\/\\\/www.cilfa.fr\\\/es\\\/cilfa\\\/el-equipo-de-cilfa\\\/\"]}]},{\"@type\":\"ImageObject\",\"inLanguage\":\"es\",\"@id\":\"https:\\\/\\\/www.cilfa.fr\\\/es\\\/cilfa\\\/el-equipo-de-cilfa\\\/#primaryimage\",\"url\":\"https:\\\/\\\/www.cilfa.fr\\\/wp-content\\\/uploads\\\/2024\\\/09\\\/CILFA_Virginie28_16-03-24-1-scaled-e1727281691771.jpg\",\"contentUrl\":\"https:\\\/\\\/www.cilfa.fr\\\/wp-content\\\/uploads\\\/2024\\\/09\\\/CILFA_Virginie28_16-03-24-1-scaled-e1727281691771.jpg\",\"width\":2560,\"height\":1688},{\"@type\":\"BreadcrumbList\",\"@id\":\"https:\\\/\\\/www.cilfa.fr\\\/es\\\/cilfa\\\/el-equipo-de-cilfa\\\/#breadcrumb\",\"itemListElement\":[{\"@type\":\"ListItem\",\"position\":1,\"name\":\"Accueil\",\"item\":\"https:\\\/\\\/www.cilfa.fr\\\/es\\\/\"},{\"@type\":\"ListItem\",\"position\":2,\"name\":\"CILFA &#8211; Estudiar franc\u00e9s en los Alpes\",\"item\":\"https:\\\/\\\/www.cilfa.fr\\\/es\\\/\"},{\"@type\":\"ListItem\",\"position\":3,\"name\":\"El equipo de CILFA\"}]},{\"@type\":\"WebSite\",\"@id\":\"https:\\\/\\\/www.cilfa.fr\\\/es\\\/#website\",\"url\":\"https:\\\/\\\/www.cilfa.fr\\\/es\\\/\",\"name\":\"Cilfa\",\"description\":\"Apprendre le fran\u00e7ais \u00e0 Annecy dans les Alpes\",\"publisher\":{\"@id\":\"https:\\\/\\\/www.cilfa.fr\\\/es\\\/#organization\"},\"potentialAction\":[{\"@type\":\"SearchAction\",\"target\":{\"@type\":\"EntryPoint\",\"urlTemplate\":\"https:\\\/\\\/www.cilfa.fr\\\/es\\\/?s={search_term_string}\"},\"query-input\":{\"@type\":\"PropertyValueSpecification\",\"valueRequired\":true,\"valueName\":\"search_term_string\"}}],\"inLanguage\":\"es\"},{\"@type\":\"Organization\",\"@id\":\"https:\\\/\\\/www.cilfa.fr\\\/es\\\/#organization\",\"name\":\"Cilfa\",\"url\":\"https:\\\/\\\/www.cilfa.fr\\\/es\\\/\",\"logo\":{\"@type\":\"ImageObject\",\"inLanguage\":\"es\",\"@id\":\"https:\\\/\\\/www.cilfa.fr\\\/es\\\/#\\\/schema\\\/logo\\\/image\\\/\",\"url\":\"https:\\\/\\\/www.cilfa.fr\\\/wp-content\\\/uploads\\\/2017\\\/04\\\/cropped-logo.png\",\"contentUrl\":\"https:\\\/\\\/www.cilfa.fr\\\/wp-content\\\/uploads\\\/2017\\\/04\\\/cropped-logo.png\",\"width\":306,\"height\":200,\"caption\":\"Cilfa\"},\"image\":{\"@id\":\"https:\\\/\\\/www.cilfa.fr\\\/es\\\/#\\\/schema\\\/logo\\\/image\\\/\"}}]}<\/script>\n<!-- \/ Yoast SEO plugin. -->","yoast_head_json":{"title":"El equipo de CILFA - Cilfa","description":"El equipo de CILFA est\u00e1 compuesto por un director, una secretaria, un responsable pedag\u00f3gico y profesores. Su objetivo es ense\u00f1ar el franc\u00e9s como lengua extranjera y preparar los estudiantes para los ex\u00e1menes DELF.","robots":{"index":"index","follow":"follow","max-snippet":"max-snippet:-1","max-image-preview":"max-image-preview:large","max-video-preview":"max-video-preview:-1"},"canonical":"https:\/\/www.cilfa.fr\/es\/cilfa\/el-equipo-de-cilfa\/","og_locale":"es_ES","og_type":"article","og_title":"El equipo de CILFA - Cilfa","og_description":"El equipo de CILFA est\u00e1 compuesto por un director, una secretaria, un responsable pedag\u00f3gico y profesores. Su objetivo es ense\u00f1ar el franc\u00e9s como lengua extranjera y preparar los estudiantes para los ex\u00e1menes DELF.","og_url":"https:\/\/www.cilfa.fr\/es\/cilfa\/el-equipo-de-cilfa\/","og_site_name":"Cilfa","article_modified_time":"2018-11-18T19:40:20+00:00","og_image":[{"width":700,"height":200,"url":"https:\/\/www.cilfa.fr\/wp-content\/uploads\/2017\/05\/equipe.jpg","type":"image\/jpeg"}],"twitter_card":"summary_large_image","schema":{"@context":"https:\/\/schema.org","@graph":[{"@type":"WebPage","@id":"https:\/\/www.cilfa.fr\/es\/cilfa\/el-equipo-de-cilfa\/","url":"https:\/\/www.cilfa.fr\/es\/cilfa\/el-equipo-de-cilfa\/","name":"El equipo de CILFA - Cilfa","isPartOf":{"@id":"https:\/\/www.cilfa.fr\/es\/#website"},"primaryImageOfPage":{"@id":"https:\/\/www.cilfa.fr\/es\/cilfa\/el-equipo-de-cilfa\/#primaryimage"},"image":{"@id":"https:\/\/www.cilfa.fr\/es\/cilfa\/el-equipo-de-cilfa\/#primaryimage"},"thumbnailUrl":"https:\/\/www.cilfa.fr\/wp-content\/uploads\/2024\/09\/CILFA_Virginie28_16-03-24-1-scaled-e1727281691771.jpg","datePublished":"2017-05-31T17:08:18+00:00","dateModified":"2018-11-18T19:40:20+00:00","description":"El equipo de CILFA est\u00e1 compuesto por un director, una secretaria, un responsable pedag\u00f3gico y profesores. Su objetivo es ense\u00f1ar el franc\u00e9s como lengua extranjera y preparar los estudiantes para los ex\u00e1menes DELF.","breadcrumb":{"@id":"https:\/\/www.cilfa.fr\/es\/cilfa\/el-equipo-de-cilfa\/#breadcrumb"},"inLanguage":"es","potentialAction":[{"@type":"ReadAction","target":["https:\/\/www.cilfa.fr\/es\/cilfa\/el-equipo-de-cilfa\/"]}]},{"@type":"ImageObject","inLanguage":"es","@id":"https:\/\/www.cilfa.fr\/es\/cilfa\/el-equipo-de-cilfa\/#primaryimage","url":"https:\/\/www.cilfa.fr\/wp-content\/uploads\/2024\/09\/CILFA_Virginie28_16-03-24-1-scaled-e1727281691771.jpg","contentUrl":"https:\/\/www.cilfa.fr\/wp-content\/uploads\/2024\/09\/CILFA_Virginie28_16-03-24-1-scaled-e1727281691771.jpg","width":2560,"height":1688},{"@type":"BreadcrumbList","@id":"https:\/\/www.cilfa.fr\/es\/cilfa\/el-equipo-de-cilfa\/#breadcrumb","itemListElement":[{"@type":"ListItem","position":1,"name":"Accueil","item":"https:\/\/www.cilfa.fr\/es\/"},{"@type":"ListItem","position":2,"name":"CILFA &#8211; Estudiar franc\u00e9s en los Alpes","item":"https:\/\/www.cilfa.fr\/es\/"},{"@type":"ListItem","position":3,"name":"El equipo de CILFA"}]},{"@type":"WebSite","@id":"https:\/\/www.cilfa.fr\/es\/#website","url":"https:\/\/www.cilfa.fr\/es\/","name":"Cilfa","description":"Apprendre le fran\u00e7ais \u00e0 Annecy dans les Alpes","publisher":{"@id":"https:\/\/www.cilfa.fr\/es\/#organization"},"potentialAction":[{"@type":"SearchAction","target":{"@type":"EntryPoint","urlTemplate":"https:\/\/www.cilfa.fr\/es\/?s={search_term_string}"},"query-input":{"@type":"PropertyValueSpecification","valueRequired":true,"valueName":"search_term_string"}}],"inLanguage":"es"},{"@type":"Organization","@id":"https:\/\/www.cilfa.fr\/es\/#organization","name":"Cilfa","url":"https:\/\/www.cilfa.fr\/es\/","logo":{"@type":"ImageObject","inLanguage":"es","@id":"https:\/\/www.cilfa.fr\/es\/#\/schema\/logo\/image\/","url":"https:\/\/www.cilfa.fr\/wp-content\/uploads\/2017\/04\/cropped-logo.png","contentUrl":"https:\/\/www.cilfa.fr\/wp-content\/uploads\/2017\/04\/cropped-logo.png","width":306,"height":200,"caption":"Cilfa"},"image":{"@id":"https:\/\/www.cilfa.fr\/es\/#\/schema\/logo\/image\/"}}]}},"_links":{"self":[{"href":"https:\/\/www.cilfa.fr\/es\/wp-json\/wp\/v2\/pages\/1345","targetHints":{"allow":["GET"]}}],"collection":[{"href":"https:\/\/www.cilfa.fr\/es\/wp-json\/wp\/v2\/pages"}],"about":[{"href":"https:\/\/www.cilfa.fr\/es\/wp-json\/wp\/v2\/types\/page"}],"author":[{"embeddable":true,"href":"https:\/\/www.cilfa.fr\/es\/wp-json\/wp\/v2\/users\/8"}],"replies":[{"embeddable":true,"href":"https:\/\/www.cilfa.fr\/es\/wp-json\/wp\/v2\/comments?post=1345"}],"version-history":[{"count":6,"href":"https:\/\/www.cilfa.fr\/es\/wp-json\/wp\/v2\/pages\/1345\/revisions"}],"predecessor-version":[{"id":5204,"href":"https:\/\/www.cilfa.fr\/es\/wp-json\/wp\/v2\/pages\/1345\/revisions\/5204"}],"up":[{"embeddable":true,"href":"https:\/\/www.cilfa.fr\/es\/wp-json\/wp\/v2\/pages\/1291"}],"wp:featuredmedia":[{"embeddable":true,"href":"https:\/\/www.cilfa.fr\/es\/wp-json\/wp\/v2\/media\/10878"}],"wp:attachment":[{"href":"https:\/\/www.cilfa.fr\/es\/wp-json\/wp\/v2\/media?parent=1345"}],"curies":[{"name":"wp","href":"https:\/\/api.w.org\/{rel}","templated":true}]}}

<article>Profesores diplomados, especializados en la enseñanza del francés como lengua extranjera (fle). Su entusiasmo, su dinamismo y sus consejos le estimularán en su aprendizaje de la lengua francesa y le ayudará a alcanzar sus objetivos.Un equipo administrativo está a su escucha, eficaz, multilingüe y habituado a trabajar con extranjeros, siempre dispuestos a ayudarle con sus trámites en Francia.</p>
<p>Visite nuestra página para más información sobre cada uno de los miembros de nuestro equipo.</p>
</article>
<p><!--more--></p>
<article>
<div>
<article> </article>
<article>
<h1>El equipo de CILFA está compuesto por:</h1>
</article>
</div>
<p>(Haz clic sobre las fotos para más información)</p>
</article>

<p>Profesores diplomados, especializados en la enseñanza del francés como lengua extranjera (fle). Su entusiasmo, su dinamismo y sus consejos le estimularán en su aprendizaje de la lengua francesa y le ayudará a alcanzar sus objetivos.Un equipo administrativo está a su escucha, eficaz, multilingüe y habituado a trabajar con extranjeros, siempre dispuestos a ayudarle con sus [&hellip;]</p>

<!-- This site is optimized with the Yoast SEO plugin v27.5 - https://yoast.com/product/yoast-seo-wordpress/ -->
<title>El equipo de CILFA - Cilfa</title>
<meta name="description" content="El equipo de CILFA está compuesto por un director, una secretaria, un responsable pedagógico y profesores. Su objetivo es enseñar el francés como lengua extranjera y preparar los estudiantes para los exámenes DELF." />
<meta name="robots" content="index, follow, max-snippet:-1, max-image-preview:large, max-video-preview:-1" />
<link rel="canonical" href="https://www.cilfa.fr/es/cilfa/el-equipo-de-cilfa/" />
<meta property="og:locale" content="es_ES" />
<meta property="og:type" content="article" />
<meta property="og:title" content="El equipo de CILFA - Cilfa" />
<meta property="og:description" content="El equipo de CILFA está compuesto por un director, una secretaria, un responsable pedagógico y profesores. Su objetivo es enseñar el francés como lengua extranjera y preparar los estudiantes para los exámenes DELF." />
<meta property="og:url" content="https://www.cilfa.fr/es/cilfa/el-equipo-de-cilfa/" />
<meta property="og:site_name" content="Cilfa" />
<meta property="article:modified_time" content="2018-11-18T19:40:20+00:00" />
<meta property="og:image" content="https://www.cilfa.fr/wp-content/uploads/2017/05/equipe.jpg" />
	<meta property="og:image:width" content="700" />
	<meta property="og:image:height" content="200" />
	<meta property="og:image:type" content="image/jpeg" />
<meta name="twitter:card" content="summary_large_image" />
<script type="application/ld+json" class="yoast-schema-graph">{"@context":"https:\/\/schema.org","@graph":[{"@type":"WebPage","@id":"https:\/\/www.cilfa.fr\/es\/cilfa\/el-equipo-de-cilfa\/","url":"https:\/\/www.cilfa.fr\/es\/cilfa\/el-equipo-de-cilfa\/","name":"El equipo de CILFA - Cilfa","isPartOf":{"@id":"https:\/\/www.cilfa.fr\/es\/#website"},"primaryImageOfPage":{"@id":"https:\/\/www.cilfa.fr\/es\/cilfa\/el-equipo-de-cilfa\/#primaryimage"},"image":{"@id":"https:\/\/www.cilfa.fr\/es\/cilfa\/el-equipo-de-cilfa\/#primaryimage"},"thumbnailUrl":"https:\/\/www.cilfa.fr\/wp-content\/uploads\/2024\/09\/CILFA_Virginie28_16-03-24-1-scaled-e1727281691771.jpg","datePublished":"2017-05-31T17:08:18+00:00","dateModified":"2018-11-18T19:40:20+00:00","description":"El equipo de CILFA está compuesto por un director, una secretaria, un responsable pedagógico y profesores. Su objetivo es enseñar el francés como lengua extranjera y preparar los estudiantes para los exámenes DELF.","breadcrumb":{"@id":"https:\/\/www.cilfa.fr\/es\/cilfa\/el-equipo-de-cilfa\/#breadcrumb"},"inLanguage":"es","potentialAction":[{"@type":"ReadAction","target":["https:\/\/www.cilfa.fr\/es\/cilfa\/el-equipo-de-cilfa\/"]}]},{"@type":"ImageObject","inLanguage":"es","@id":"https:\/\/www.cilfa.fr\/es\/cilfa\/el-equipo-de-cilfa\/#primaryimage","url":"https:\/\/www.cilfa.fr\/wp-content\/uploads\/2024\/09\/CILFA_Virginie28_16-03-24-1-scaled-e1727281691771.jpg","contentUrl":"https:\/\/www.cilfa.fr\/wp-content\/uploads\/2024\/09\/CILFA_Virginie28_16-03-24-1-scaled-e1727281691771.jpg","width":2560,"height":1688},{"@type":"BreadcrumbList","@id":"https:\/\/www.cilfa.fr\/es\/cilfa\/el-equipo-de-cilfa\/#breadcrumb","itemListElement":[{"@type":"ListItem","position":1,"name":"Accueil","item":"https:\/\/www.cilfa.fr\/es\/"},{"@type":"ListItem","position":2,"name":"CILFA &#8211; Estudiar francés en los Alpes","item":"https:\/\/www.cilfa.fr\/es\/"},{"@type":"ListItem","position":3,"name":"El equipo de CILFA"}]},{"@type":"WebSite","@id":"https:\/\/www.cilfa.fr\/es\/#website","url":"https:\/\/www.cilfa.fr\/es\/","name":"Cilfa","description":"Apprendre le français à Annecy dans les Alpes","publisher":{"@id":"https:\/\/www.cilfa.fr\/es\/#organization"},"potentialAction":[{"@type":"SearchAction","target":{"@type":"EntryPoint","urlTemplate":"https:\/\/www.cilfa.fr\/es\/?s={search_term_string}"},"query-input":{"@type":"PropertyValueSpecification","valueRequired":true,"valueName":"search_term_string"}}],"inLanguage":"es"},{"@type":"Organization","@id":"https:\/\/www.cilfa.fr\/es\/#organization","name":"Cilfa","url":"https:\/\/www.cilfa.fr\/es\/","logo":{"@type":"ImageObject","inLanguage":"es","@id":"https:\/\/www.cilfa.fr\/es\/#\/schema\/logo\/image\/","url":"https:\/\/www.cilfa.fr\/wp-content\/uploads\/2017\/04\/cropped-logo.png","contentUrl":"https:\/\/www.cilfa.fr\/wp-content\/uploads\/2017\/04\/cropped-logo.png","width":306,"height":200,"caption":"Cilfa"},"image":{"@id":"https:\/\/www.cilfa.fr\/es\/#\/schema\/logo\/image\/"}}]}</script>
<!-- / Yoast SEO plugin. -->

El equipo de CILFA está compuesto por un director, una secretaria, un responsable pedagógico y profesores. Su objetivo es enseñar el francés como lengua extranjera y preparar los estudiantes para los exámenes DELF.

CILFA &#8211; Estudiar francés en los Alpes

Apprendre le français à Annecy dans les Alpes
